pose -278*a + 218 = -338. Calculate the greatest common factor of a and 314.
2
Let h(l) = -6033*l - 10437. Let m be h(-5). Calculate the highest common divisor of 72 and m.
72
Suppose 5*n + 249 + 1 = 5*p, -5*n + 20 = p. Suppose 4*y = 18*y + 280. Let u(a) = a**2 + 22*a + 49. Let t be u(y). What is the highest common factor of t and p?
9
Suppose c - 53 = -c - 3*p, 3*p + 72 = 3*c. Suppose -5*z + 4*u = 14 - 43, -z = -3*u + 3. Let j be 2*(-1)/2 + 99/z. What is the greatest common factor of j and c?
5
Let h = -123 + 52. Suppose -18*k + 2*d = -13*k - 439, 2*d = -k + 95. Let g = k + h. What is the highest common factor of 36 and g?
18
Let n be (-27)/6*(-68)/6. Suppose 26*q + 3*w + 53 = 25*q, 0 = 4*q + 3*w + 203. Let y = n + q. Calculate the greatest common factor of y and 9.
1
Suppose -5*w + 10*w - 27770 = -5*t, -2*t + 11123 = -w. Calculate the greatest common factor of 218 and t.
109
Suppose -g + 11 = -9. Suppose 25*l - g*l - 20 = 0. Suppose -111 = -l*k + 5. What is the greatest common divisor of k and 116?
29
Let p be (-24 + 26)/(1 - (-13)/(-15)). Suppose 5*r = 2*r, -3*u = -5*r - 144. Suppose -u = -y + 27. Calculate the highest common factor of y and p.
15
Let z be (-138)/(-15) - 2/10. Let o(w) = -62*w - 553. Let l be o(-9). Suppose l*h - z = 1. What is the greatest common divisor of h and 4?
2
Let o = 46 - 32. Suppose -4*w = -2*u, -2*u - 2*w = u. Suppose 0 = 3*j, u*j + 2*j + 350 = 5*t. Calculate the highest common factor of o and t.
14
Let w(s) = s**3 - 84*s**2 + 678*s - 62. Let d be w(75). What is the greatest common factor of 7661 and d?
163
Let o be -37*2*-1 - (-314)/314. Calculate the highest common factor of o and 135.
15
Suppose -788 = -34*y + 38*y. Let h = -134 - y. What is the greatest common divisor of 7 and h?
7
Suppose 336 = -15*g + 5451. Let m = g - 326. What is the greatest common factor of m and 615?
15
Let q be (-1)/(-2)*6/1. Suppose 0*n - q*n = -30. Suppose 5*g - 45 = 4*g - 2*g. Calculate the highest common divisor of n and g.
5
Suppose -4*l + 2 = -3*w, 5*l - 2*l + w = 8. Suppose -12*m + 40 = -l*m. Let o be ((-242)/(-4))/((-49)/14 + m). Calculate the highest common divisor of o and 11.
11
Let y = 12648 - 12599. What is the highest common factor of 434 and y?
7
Suppose o = 5*o, -3*z - o = 30. Let t = z - -14. Suppose -40 + 264 = t*u. Calculate the greatest common factor of 84 and u.
28
Let d be (-8168)/(-14) + 26 - (-1 + (-20)/(-14)). Calculate the greatest common divisor of 42 and d.
21
Suppose 4*j = 4*x + 2390 - 12474, -j + 10054 = 4*x. Calculate the highest common factor of x and 10.
5
Let q = -195 - -199. Suppose -2*k + 94 = q*p, -36 = -p - 2*k - 8. Calculate the greatest common divisor of p and 286.
22
Let w be 0*((-44)/24 - 12/(-9)). Suppose -a = -4*c - w*a + 83, -5*c = -a - 105. What is the greatest common factor of c and 2?
2
Suppose 0 = -35*c + 16*c + 4275. Suppose c = -48*y + 73*y. Calculate the greatest common factor of y and 657.
9
Suppose -22*z = -24*z. Suppose -l + n = -0*l, z = -n + 2. Suppose 2*i - 20 = 4*o, l*i = -4*o - 0*o + 60. What is the highest common divisor of 140 and i?
20
Let r = -184 + 188. Suppose 5*v = -0*v - 4*a + 105, -48 = -r*v + 4*a. Calculate the greatest common factor of 2 and v.
1
Suppose -4*i - 3*t + 80279 = 0, -2*i - 2*t + 4485 = -35653. Calculate the highest common factor of 104 and i.
104
Let l = -3546 - -3856. Calculate the greatest common divisor of l and 682.
62
Suppose -n + 270 = 4*v, -31*n + 35*n = 2*v + 1170. What is the highest common factor of 10 and n?
10
Let u be 1/(-3) + 170/6. Suppose -4*f + 2 = -d, -35*d + 30*d = -4*f - 6. What is the highest common divisor of u and f?
1
Let w be (5/(15/3))/((-6)/(11 - 35)). Let q(c) = -3*c + 7. Let z be q(-5). Calculate the greatest common divisor of w and z.
2
Let l be (39/(-4) + 4)*-8. Suppose 175 = -5*u - 735. Let t = -113 - u. What is the greatest common divisor of t and l?
23
Suppose -37*r + 133 = -1162. Let q(m) = -m**3 + 5*m**2 - 3*m - 1. Let c be q(4). Let l be ((-4)/c)/(2/(-21)). What is the greatest common factor of r and l?
7
Let y(u) = -6*u + 14. Let r be y(0). Suppose -11*c - r = -124. Calculate the highest common divisor of 6 and c.
2
Suppose -j + 4*j = -9, 8 = w - j. Suppose 1840 = 8*s - 1240. Suppose -k - 74 = -x + k, -w*x + 5*k = -s. Calculate the greatest common divisor of x and 20.
20
Suppose b - 5*b + 68 = 2*l, -2*b = -4*l - 34. Let s = 3031 - 3030. What is the greatest common divisor of s and b?
1
Suppose -u - n = -1117, -3*n + 4486 = 4*u - 8*n. Suppose -5*s - 1099 = -u. Let v = 8 - 6. What is the highest common factor of v and s?
2
Suppose 13*v = 9*v + 23*v - 760. Suppose 2*z - 4*z + 10 = 0, 2*z + 38 = 3*k. What is the highest common factor of k and v?
8
Let w = 26136 - 4134. Calculate the greatest common divisor of 114 and w.
114
Let d(l) = 1509*l + 12122. Let j be d(-8). Suppose -4*k - 4*u + 316 = 0, -4*k = -3*u + 62 - 350. What is the highest common factor of j and k?
25
Let l be 2/(-12) - 830/(-12). Suppose -6*i + 81 = 63. Suppose 3*w = 5*b - 112, i*b + w = -5 + 75. Calculate the highest common divisor of l and b.
23
Suppose 2*t + 4*j + 8 = 0, -3 - 9 = -2*t + j. Let x = 7 - 4. Let f(k) = k**3 + 2*k + 3. Let b be f(x). What is the greatest common divisor of t and b?
4
Let a be (0 + 4/3)/(588/9702). Let h be 24/((-1)/(66/(-9))). Calculate the highest common factor of h and a.
22
Let l(m) = m**2 + 3*m + 4. Let o be l(-3). Suppose o*j - 375 = -j. Let n = 50406 + -50356. Calculate the highest common factor of j and n.
25
Let h(g) be the first derivative of -g**3/3 - 17*g**2 - 117*g - 243. Let n be h(-30). Calculate the greatest common divisor of n and 7.
1
Let w be ((-1 - 0) + 3/(-15))*150/(-9). What is the greatest common factor of 2020 and w?
20
Suppose 309*p - 2134889 = -447749. What is the highest common divisor of p and 560?
140
Suppose 20*j - 16*j = 48. Let l be j/((-8)/5 - (-16 - -14)). Calculate the greatest common divisor of l and 420.
30
Suppose -4*b + 2*b + 16 = 0. Let j be (148/(-16))/((-2)/b). Suppose -j = -4*o - 5. What is the highest common factor of 12 and o?
4
Let g = -36558 + 36567. Let f = 7 + -4. Suppose -f*b + 116 + 73 = 0. Calculate the greatest common divisor of g and b.
9
Let c(j) = -42*j - 93. Let v be c(-3). Calculate the highest common factor of 111 and v.
3
Suppose 14*a - 24*a - 10 = 0. Let k(z) = -152*z**3 + 2*z**2 + 2*z + 2. Let b be k(a). Suppose 4*t - t - 42 = 0. What is the greatest common factor of t and b?
14
Suppose 562 = 124*s + 25*s - 2269. What is the highest common divisor of s and 304?
19
Suppose -28*j = -59*j + 29*j + 896. Calculate the highest common factor of 616 and j.
56
Suppose -94*s = 181*s - 3653 - 4872. Suppose -2*a = 3*c - 8, -3 = -c - 1. Calculate the greatest common factor of s and a.
1
Let z(w) = w**2 - w. Let a be z(-5). Suppose 8*h = 60 + 100. Suppose -32*f = -h*f - 240. Calculate the greatest common factor of a and f.
10
Suppose -2*f = -31*f + 522. Calculate the greatest common factor of f and 474.
6
Suppose 9*p - 38325 = -28*p + 12*p. What is the highest common factor of p and 9?
3
Suppose 62*p = 64*p + 3*z - 339, 856 = 5*p - z. Let r = -143 + p. Calculate the highest common divisor of r and 20.
4
Suppose 18*b - 140792 + 140000 = 0. What is the highest common divisor of 30536 and b?
44
Let f(v) = -v**3 + 22*v**2 + 31*v - 53. Let w be f(23). Let u be w/3 + (48/(-8))/(-18). Calculate the highest common divisor of 110 and u.
22
Let g(s) be the second derivative of 17*s**3/6 - 48*s**2 - s - 1. Let v be g(16). Calculate the greatest common divisor of v and 44.
44
Let n(z) = 271*z**2 + 448*z + 5. Let t be n(-5). What is the greatest common factor of 80 and t?
20
Suppose -2*p - 55 = 3*v - 241, p - 3 = 0. Suppose v = 2*j - 3*b, 0*b + b + 137 = 5*j. What is the highest common factor of j and 72?
9
Let g = -2748 - -2777. What is the highest common factor of g and 8?
1
Let x = 270 - 82. Suppose -x = -4*i - 5*p, -2*i + 9*p + 68 = 5*p. Let b = -34 - -48. What is the highest common divisor of i and b?
14
Suppose -4*j + 16 = -6*j. Let z be 11 + j - (-1)/(-1) - -298. Suppose m - 2*m + 60 = 4*t, 0 = 5*m - 4*t - z. What is the highest common divisor of 36 and m?
12
Let q be 371 - (-3 + -1)/(-2). Suppose 2*o + 10947 - 11111 = 0. What is the highest common factor of q and o?
41
Let o 